{"id":25,"date":"2022-01-10T08:26:50","date_gmt":"2022-01-10T08:26:50","guid":{"rendered":"http:\/\/advokatlarsson.com\/?page_id=25"},"modified":"2024-01-29T14:36:04","modified_gmt":"2024-01-29T14:36:04","slug":"skapa-din-egen-webbplats-med-block","status":"publish","type":"page","link":"https:\/\/advokatlarsson.com\/","title":{"rendered":""},"content":{"rendered":"\n<figure class=\"wp-block-image size-full is-resized\"><img loading=\"lazy\" decoding=\"async\" width=\"377\" height=\"93\" src=\"https:\/\/advokatlarsson.com\/wp-content\/uploads\/2024\/01\/Komb-logga-JPG3-2.jpg\" alt=\"\" class=\"wp-image-197\" style=\"width:505px;height:auto\" srcset=\"https:\/\/advokatlarsson.com\/wp-content\/uploads\/2024\/01\/Komb-logga-JPG3-2.jpg 377w, https:\/\/advokatlarsson.com\/wp-content\/uploads\/2024\/01\/Komb-logga-JPG3-2-300x74.jpg 300w\" sizes=\"auto, (max-width: 377px) 100vw, 377px\" \/><\/figure>\n\n\n\n<div class=\"wp-block-columns alignwide has-text-color has-background is-layout-flex wp-container-core-columns-is-layout-9d6595d7 wp-block-columns-is-layout-flex\" style=\"color:#393939;background-color:#d9d9d9\">\n<div class=\"wp-block-column is-vertically-aligned-top is-layout-flow wp-block-column-is-layout-flow\"><div class=\"wp-block-image is-resized\">\n<figure class=\"aligncenter size-large\"><img loading=\"lazy\" decoding=\"async\" width=\"683\" height=\"1024\" src=\"https:\/\/advokatlarsson.com\/wp-content\/uploads\/2022\/01\/Bild-JL-2-MB-683x1024.jpg\" alt=\"\" class=\"wp-image-132\" srcset=\"https:\/\/advokatlarsson.com\/wp-content\/uploads\/2022\/01\/Bild-JL-2-MB-683x1024.jpg 683w, https:\/\/advokatlarsson.com\/wp-content\/uploads\/2022\/01\/Bild-JL-2-MB-200x300.jpg 200w, https:\/\/advokatlarsson.com\/wp-content\/uploads\/2022\/01\/Bild-JL-2-MB-768x1152.jpg 768w, https:\/\/advokatlarsson.com\/wp-content\/uploads\/2022\/01\/Bild-JL-2-MB-1024x1536.jpg 1024w, https:\/\/advokatlarsson.com\/wp-content\/uploads\/2022\/01\/Bild-JL-2-MB-1365x2048.jpg 1365w, https:\/\/advokatlarsson.com\/wp-content\/uploads\/2022\/01\/Bild-JL-2-MB-1568x2352.jpg 1568w, https:\/\/advokatlarsson.com\/wp-content\/uploads\/2022\/01\/Bild-JL-2-MB-scaled.jpg 1707w\" sizes=\"auto, (max-width: 683px) 100vw, 683px\" \/><\/figure>\n<\/div><\/div>\n\n\n\n<div class=\"wp-block-column is-vertically-aligned-top is-layout-flow wp-block-column-is-layout-flow\">\n<hr class=\"wp-block-separator has-text-color has-css-opacity has-background\" style=\"background-color:#d9d9d9;color:#d9d9d9\"\/>\n\n\n\n<h4 class=\"wp-block-heading\" style=\"line-height:1.5\">Lyssna Fundera Agera<\/h4>\n\n\n\n<p style=\"line-height:1.5\">S\u00e5 arbetar jag. Varje situation \u00e4r unik och kr\u00e4ver sina s\u00e4rskilda \u00f6verv\u00e4ganden.<\/p>\n\n\n\n<hr class=\"wp-block-separator has-text-color has-css-opacity has-background\" style=\"background-color:#d9d9d9;color:#d9d9d9\"\/>\n\n\n\n<h4 class=\"wp-block-heading\">Arbetsomr\u00e5de<\/h4>\n\n\n\n<p style=\"line-height:1.5\">Jag arbetar huvudsakligen med brottm\u00e5l och \u00e5tar mig uppdrag som f\u00f6rsvarsadvokat, m\u00e5ls\u00e4gandebitr\u00e4de och s\u00e4rskild f\u00f6retr\u00e4dare f\u00f6r barn. \u00c4r du misst\u00e4nkt f\u00f6r brott eller utsatt f\u00f6r brott kan du allts\u00e5 v\u00e4nda dig till mig f\u00f6r hj\u00e4lp.<\/p>\n<\/div>\n\n\n\n<div class=\"wp-block-column is-vertically-aligned-top is-layout-flow wp-block-column-is-layout-flow\">\n<hr class=\"wp-block-separator has-text-color has-css-opacity has-background\" style=\"background-color:#d9d9d9;color:#d9d9d9\"\/>\n\n\n\n<h4 class=\"wp-block-heading\" style=\"line-height:1.5\">Kontakt<\/h4>\n\n\n\n<p style=\"line-height:1.5\">Advokat J\u00f6rgen Larsson<\/p>\n\n\n\n<p style=\"line-height:1.5\">0411-53 37 86<\/p>\n\n\n\n<p style=\"line-height:1.5\"><a href=\"mailto:jorgen.larsson@advokatlarsson.com\">jorgen.larsson@advokatlarsson.com<\/a><\/p>\n\n\n\n<p style=\"line-height:1.5\">Saltkr\u00e5kegatan 3 B, 271 55 Ystad<\/p>\n\n\n\n<hr class=\"wp-block-separator has-text-color has-css-opacity has-background\" style=\"background-color:#d9d9d9;color:#d9d9d9\"\/>\n\n\n\n<h4 class=\"wp-block-heading\">CV<\/h4>\n\n\n\n<p style=\"line-height:1.5\">1999-2006: Tingsr\u00e4tt och hovr\u00e4tt<\/p>\n\n\n\n<p style=\"line-height:1.5\">2006-2007: \u00c5klagarmyndigheten<\/p>\n\n\n\n<p style=\"line-height:1.5\">2007-2008: Regeringskansliets utredningsavdelning<\/p>\n\n\n\n<p style=\"line-height:1.5\">2008 och fram\u00e5t: Advokatbyr\u00e5<\/p>\n<\/div>\n<\/div>\n\n\n\n<h5 class=\"wp-block-heading\">GDPR<\/h5>\n\n\n\n<p style=\"line-height:1\">L\u00e4s mer <a href=\"https:\/\/advokatlarsson.com\/index.php\/112-2\/\">h\u00e4r<\/a> om v\u00e5r behandling av personuppgifter.<\/p>\n","protected":false},"excerpt":{"rendered":"<p>Lyssna Fundera Agera S\u00e5 arbetar jag. Varje situation \u00e4r unik och kr\u00e4ver sina s\u00e4rskilda \u00f6verv\u00e4ganden. Arbetsomr\u00e5de Jag arbetar huvudsakligen med brottm\u00e5l och \u00e5tar mig uppdrag som f\u00f6rsvarsadvokat, m\u00e5ls\u00e4gandebitr\u00e4de och s\u00e4rskild f\u00f6retr\u00e4dare f\u00f6r barn. \u00c4r du misst\u00e4nkt f\u00f6r brott eller utsatt f\u00f6r brott kan du allts\u00e5 v\u00e4nda dig till mig f\u00f6r hj\u00e4lp. Kontakt Advokat J\u00f6rgen Larsson &hellip; <\/p>\n<p class=\"link-more\"><a href=\"https:\/\/advokatlarsson.com\/\" class=\"more-link\">Forts\u00e4tt l\u00e4sa<span class=\"screen-reader-text\"> &#8221;&#8221;<\/span><\/a><\/p>\n","protected":false},"author":1,"featured_media":0,"parent":0,"menu_order":0,"comment_status":"closed","ping_status":"closed","template":"","meta":{"footnotes":""},"class_list":["post-25","page","type-page","status-publish","hentry","entry"],"_links":{"self":[{"href":"https:\/\/advokatlarsson.com\/index.php\/wp-json\/wp\/v2\/pages\/25","targetHints":{"allow":["GET"]}}],"collection":[{"href":"https:\/\/advokatlarsson.com\/index.php\/wp-json\/wp\/v2\/pages"}],"about":[{"href":"https:\/\/advokatlarsson.com\/index.php\/wp-json\/wp\/v2\/types\/page"}],"author":[{"embeddable":true,"href":"https:\/\/advokatlarsson.com\/index.php\/wp-json\/wp\/v2\/users\/1"}],"replies":[{"embeddable":true,"href":"https:\/\/advokatlarsson.com\/index.php\/wp-json\/wp\/v2\/comments?post=25"}],"version-history":[{"count":58,"href":"https:\/\/advokatlarsson.com\/index.php\/wp-json\/wp\/v2\/pages\/25\/revisions"}],"predecessor-version":[{"id":201,"href":"https:\/\/advokatlarsson.com\/index.php\/wp-json\/wp\/v2\/pages\/25\/revisions\/201"}],"wp:attachment":[{"href":"https:\/\/advokatlarsson.com\/index.php\/wp-json\/wp\/v2\/media?parent=25"}],"curies":[{"name":"wp","href":"https:\/\/api.w.org\/{rel}","templated":true}]}}